{"id":42,"date":"2024-10-24T13:06:45","date_gmt":"2024-10-24T13:06:45","guid":{"rendered":"https:\/\/latelierdugenie.com\/wordpress\/index.php\/home\/"},"modified":"2024-11-23T10:04:55","modified_gmt":"2024-11-23T10:04:55","slug":"home","status":"publish","type":"page","link":"https:\/\/latelierdugenie.com\/wordpress\/","title":{"rendered":"Home"},"content":{"rendered":"\n<div class=\"wp-block-uagb-container uagb-block-e2e96b7d alignfull uagb-is-root-container\"><div class=\"uagb-container-inner-blocks-wrap\">\n<div class=\"wp-block-uagb-container uagb-block-121a40ee\">\n<div class=\"wp-block-uagb-info-box uagb-block-986772dd uagb-infobox__content-wrap  uagb-infobox-icon-above-title uagb-infobox-image-valign-top\"><div class=\"uagb-ifb-content\"><div class=\"uagb-ifb-title-wrap\"><h1 class=\"uagb-ifb-title\">Mobilier d&rsquo;int\u00e9rieur haut de gamme<\/h1><\/div><p class=\"uagb-ifb-desc\">D\u00e9couvrez le luxe et l&rsquo;\u00e9l\u00e9gance \u00e0 travers notre s\u00e9lection de meubles uniques. Chaque pi\u00e8ce est con\u00e7ue pour sublimer votre int\u00e9rieur avec raffinement et style.<\/p><div class=\"uagb-ifb-button-wrapper wp-block-button\"><a href=\"boutique\/\" class=\"uagb-infobox-cta-link wp-block-button__link\" target=\"_self\" rel=\"noopener noreferrer\" onclick=\"return true;\"><span class=\"uagb-inline-editing\">Explorez notre boutique<\/span><\/a><\/div><\/div><\/div>\n<\/div>\n\n\n\n<div class=\"wp-block-uagb-container uagb-block-aaa809fe\">\n<div class=\"wp-block-uagb-image alignleft uagb-block-47275db5 wp-block-uagb-image--layout-default wp-block-uagb-image--effect-static wp-block-uagb-image--align-left aligncenter\"><figure class=\"wp-block-uagb-image__figure\"><img decoding=\"async\" srcset=\"https:\/\/latelierdugenie.com\/wordpress\/wp-content\/uploads\/2024\/10\/pexels-photo-6263036.jpeg ,https:\/\/latelierdugenie.com\/wordpress\/wp-content\/uploads\/2024\/10\/pexels-photo-6263036.jpeg 780w, https:\/\/latelierdugenie.com\/wordpress\/wp-content\/uploads\/2024\/10\/pexels-photo-6263036.jpeg 360w\" sizes=\"auto, (max-width: 480px) 150px\" src=\"https:\/\/latelierdugenie.com\/wordpress\/wp-content\/uploads\/2024\/10\/pexels-photo-6263036.jpeg\" alt=\"\" class=\"uag-image-18\" width=\"544\" height=\"640\" title=\"\" loading=\"lazy\" role=\"img\"\/><\/figure><\/div>\n<\/div>\n<\/div><\/div>\n\n\n\n<div class=\"wp-block-uagb-container uagb-block-8f81e141 alignfull uagb-is-root-container\"><div class=\"uagb-container-inner-blocks-wrap\">\n<div class=\"wp-block-uagb-container uagb-block-3e2f60a3\">\n<div class=\"wp-block-uagb-advanced-heading uagb-block-d9657ecb\"><h2 class=\"uagb-heading-text\">Nos offres exceptionnelles<\/h2><\/div>\n\n\n\n<div class=\"wp-block-uagb-advanced-heading uagb-block-b2f11818\"><p class=\"uagb-heading-text\">Plongez dans notre gamme de meubles sophistiqu\u00e9s. Chaque produit est minutieusement s\u00e9lectionn\u00e9 pour refl\u00e9ter le meilleur du design contemporain et classique.<\/p><\/div>\n<\/div>\n\n\n\n<div class=\"wp-block-uagb-separator uagb-block-23638415\"><div class=\"wp-block-uagb-separator__inner\" style=\"--my-background-image:\"><\/div><\/div>\n\n\n\n<div class=\"wp-block-uagb-container uagb-block-dcb0b6dc\">\n<div class=\"wp-block-uagb-info-box uagb-block-cbc4cd0c uagb-infobox__content-wrap  uagb-infobox-icon-above-title uagb-infobox-image-valign-top\"><div class=\"uagb-ifb-content\"><div class=\"uagb-ifb-title-wrap\"><p class=\"uagb-ifb-title-prefix\">01.<\/p><h3 class=\"uagb-ifb-title\">Canap\u00e9s De Qualit\u00e9<\/h3><\/div><p class=\"uagb-ifb-desc\">Nos canap\u00e9s, alliant confort et design, sont con\u00e7us pour transformer votre espace s\u00e9jour en un lieu d&rsquo;\u00e9l\u00e9gance.<\/p><div class=\"uagb-ifb-button-wrapper wp-block-button\"><a href=\"offering\/\" target=\"_self\" onclick=\"return true;\" class=\"uagb-infobox-cta-link\" rel=\"noopener noreferrer\"><span class=\"uagb-inline-editing\"><\/span><\/a><\/div><\/div><\/div>\n\n\n\n<div class=\"wp-block-uagb-info-box uagb-block-20193b63 uagb-infobox__content-wrap  uagb-infobox-icon-above-title uagb-infobox-image-valign-top\"><div class=\"uagb-ifb-content\"><div class=\"uagb-ifb-title-wrap\"><span class=\"uagb-ifb-title-prefix\">02.<\/span><h3 class=\"uagb-ifb-title\">Tables Distingu\u00e9es<\/h3><\/div><p class=\"uagb-ifb-desc\">Des tables raffin\u00e9es, parfaites pour tous vos moments de partage, vous garantissent un style et une qualit\u00e9 incomparables.<\/p><div class=\"uagb-ifb-button-wrapper wp-block-button\"><a href=\"offering\/\" target=\"_self\" onclick=\"return true;\" class=\"uagb-infobox-cta-link\" rel=\"noopener noreferrer\"><span class=\"uagb-inline-editing\"><\/span><\/a><\/div><\/div><\/div>\n\n\n\n<div class=\"wp-block-uagb-info-box uagb-block-bf5e4139 uagb-infobox__content-wrap  uagb-infobox-icon-above-title uagb-infobox-image-valign-top\"><div class=\"uagb-ifb-content\"><div class=\"uagb-ifb-title-wrap\"><span class=\"uagb-ifb-title-prefix\">03.<\/span><h3 class=\"uagb-ifb-title\">Enfilades \u00c9l\u00e9gantes<\/h3><\/div><p class=\"uagb-ifb-desc\">D\u00e9couvrez nos enfilades vintage, qui ajouteront une touche d&rsquo;art \u00e0 votre int\u00e9rieur tout en illuminant vos espaces de vie.<\/p><div class=\"uagb-ifb-button-wrapper wp-block-button\"><a href=\"offering\/\" target=\"_self\" onclick=\"return true;\" class=\"uagb-infobox-cta-link\" rel=\"noopener noreferrer\"><span class=\"uagb-inline-editing\"><\/span><\/a><\/div><\/div><\/div>\n<\/div>\n\n\n\n<div class=\"wp-block-uagb-container uagb-block-17d2a4fe\">\n<div class=\"wp-block-uagb-advanced-heading uagb-block-9b244cbe\"><h4 class=\"uagb-heading-text\">Choisissez l&rsquo;\u00e9l\u00e9gance pour votre int\u00e9rieur aujourd&rsquo;hui.<\/h4><\/div>\n\n\n\n<div class=\"wp-block-uagb-buttons uagb-buttons__outer-wrap uagb-btn__default-btn uagb-btn-tablet__default-btn uagb-btn-mobile__default-btn uagb-block-94a3ef47\"><div class=\"uagb-buttons__wrap uagb-buttons-layout-wrap \">\n<div class=\"wp-block-uagb-buttons-child uagb-buttons__outer-wrap uagb-block-5b7f17d1 wp-block-button\"><div class=\"uagb-button__wrapper\"><a class=\"uagb-buttons-repeater wp-block-button__link\" aria-label=\"\" href=\"boutique\/\" rel=\"follow noopener\" target=\"_self\" role=\"button\"><div class=\"uagb-button__link\">Explorez notre boutique<\/div><\/a><\/div><\/div>\n<\/div><\/div>\n<\/div>\n<\/div><\/div>\n\n\n\n<div class=\"wp-block-uagb-container uagb-block-55151016 alignfull uagb-is-root-container\"><div class=\"uagb-container-inner-blocks-wrap\">\n<div class=\"wp-block-uagb-container uagb-block-12a22e88\">\n<div class=\"wp-block-uagb-image alignleft uagb-block-cf9a15f6 wp-block-uagb-image--layout-default wp-block-uagb-image--effect-static wp-block-uagb-image--align-left\"><figure class=\"wp-block-uagb-image__figure\"><img decoding=\"async\" srcset=\"https:\/\/latelierdugenie.com\/wordpress\/wp-content\/uploads\/2024\/10\/pexels-photo-6114330.jpeg ,https:\/\/latelierdugenie.com\/wordpress\/wp-content\/uploads\/2024\/10\/pexels-photo-6114330.jpeg 780w, https:\/\/latelierdugenie.com\/wordpress\/wp-content\/uploads\/2024\/10\/pexels-photo-6114330.jpeg 360w\" sizes=\"auto, (max-width: 480px) 150px\" src=\"https:\/\/latelierdugenie.com\/wordpress\/wp-content\/uploads\/2024\/10\/pexels-photo-6114330.jpeg\" alt=\"\" class=\"uag-image-19\" width=\"376\" height=\"420\" title=\"\" loading=\"lazy\" role=\"img\"\/><\/figure><\/div>\n\n\n\n<div class=\"wp-block-uagb-image alignright uagb-block-aba3f864 wp-block-uagb-image--layout-default wp-block-uagb-image--effect-static wp-block-uagb-image--align-right\"><figure class=\"wp-block-uagb-image__figure\"><img decoding=\"async\" srcset=\"https:\/\/latelierdugenie.com\/wordpress\/wp-content\/uploads\/2024\/10\/pexels-photo-28998235.jpeg ,https:\/\/latelierdugenie.com\/wordpress\/wp-content\/uploads\/2024\/10\/pexels-photo-28998235.jpeg 780w, https:\/\/latelierdugenie.com\/wordpress\/wp-content\/uploads\/2024\/10\/pexels-photo-28998235.jpeg 360w\" sizes=\"auto, (max-width: 480px) 150px\" src=\"https:\/\/latelierdugenie.com\/wordpress\/wp-content\/uploads\/2024\/10\/pexels-photo-28998235.jpeg\" alt=\"\" class=\"uag-image-20\" width=\"376\" height=\"420\" title=\"\" loading=\"lazy\" role=\"img\"\/><\/figure><\/div>\n<\/div>\n\n\n\n<div class=\"wp-block-uagb-container uagb-block-8bce86bc\">\n<div class=\"wp-block-uagb-info-box uagb-block-17bf597f uagb-infobox__content-wrap  uagb-infobox-icon-above-title uagb-infobox-image-valign-top wp-block-uagb-info-box--has-margin\"><div class=\"uagb-infobox-margin-wrapper\"><div class=\"uagb-ifb-content\"><div class=\"uagb-ifb-title-wrap\"><h3 class=\"uagb-ifb-title\">L&rsquo;art du mobilier d&rsquo;exception<\/h3><\/div><p class=\"uagb-ifb-desc\">L&rsquo;Atelier Du G\u00e9nie est une boutique en ligne d\u00e9di\u00e9e au mobilier d&rsquo;int\u00e9rieur haut de gamme. Nous proposons une s\u00e9lection raffin\u00e9e de meubles et accessoires au design exclusif. Notre objectif est de r\u00e9pondre aux attentes d&rsquo;une client\u00e8le sophistiqu\u00e9e et exigeante. Chaque pi\u00e8ce est soigneusement choisie pour allier esth\u00e9tique et fonctionnalit\u00e9.<\/p><div class=\"uagb-ifb-button-wrapper wp-block-button\"><a href=\"about\/\" class=\"uagb-infobox-cta-link wp-block-button__link\" target=\"_self\" rel=\"noopener noreferrer\" onclick=\"return true;\"><span class=\"uagb-inline-editing\">Lire la suite<\/span><\/a><\/div><\/div><\/div><\/div>\n<\/div>\n<\/div><\/div>\n\n\n\n<div class=\"wp-block-uagb-container uagb-block-71b09a6d alignfull uagb-is-root-container\"><div class=\"uagb-container-inner-blocks-wrap\">\n<div class=\"wp-block-uagb-container uagb-block-d28de46a\">\n<div class=\"wp-block-uagb-image alignleft uagb-block-b0e6ecd7 wp-block-uagb-image--layout-default wp-block-uagb-image--effect-static wp-block-uagb-image--align-left\"><figure class=\"wp-block-uagb-image__figure\"><img decoding=\"async\" srcset=\"https:\/\/latelierdugenie.com\/wordpress\/wp-content\/uploads\/2024\/10\/pexels-photo-700455.jpeg , https:\/\/latelierdugenie.com\/wordpress\/wp-content\/uploads\/2024\/10\/pexels-photo-700455.jpeg 360w\" sizes=\"auto, (max-width: 480px) 150px\" src=\"https:\/\/latelierdugenie.com\/wordpress\/wp-content\/uploads\/2024\/10\/pexels-photo-700455.jpeg\" alt=\"\" class=\"uag-image-21\" width=\"510\" height=\"640\" title=\"\" loading=\"lazy\" role=\"img\"\/><\/figure><\/div>\n<\/div>\n\n\n\n<div class=\"wp-block-uagb-container uagb-block-54a98149\">\n<div class=\"wp-block-uagb-advanced-heading uagb-block-af2ef0f1\"><h2 class=\"uagb-heading-text\"> Pourquoi choisir L&rsquo;Atelier Du G\u00e9nie ?<\/h2><p class=\"uagb-desc-text\">Notre engagement envers la qualit\u00e9 et le design se refl\u00e8te dans chaque produit. D\u00e9couvrez nos valeurs uniques au c\u0153ur de notre boutique.<\/p><div class=\"uagb-separator\"><\/div><\/div>\n\n\n\n<div class=\"wp-block-uagb-advanced-heading uagb-block-3f502f75\"><h3 class=\"uagb-heading-text\">Mat\u00e9riaux nobles<\/h3><p class=\"uagb-desc-text\">Nous utilisons uniquement des mat\u00e9riaux de la plus haute qualit\u00e9, garantissant durabilit\u00e9 et esth\u00e9tisme. Chaque pi\u00e8ce raconte une histoire de luxe et de sophistication.<\/p><\/div>\n\n\n\n<div class=\"wp-block-uagb-advanced-heading uagb-block-b707cb09\"><h3 class=\"uagb-heading-text\">Designs exclusifs<\/h3><p class=\"uagb-desc-text\">Nos meubles sont sign\u00e9s par des designers r\u00e9put\u00e9s, assurant votre int\u00e9rieur d&rsquo;une touche unique qui saura s\u00e9duire les passionn\u00e9s de design.<\/p><\/div>\n<\/div>\n<\/div><\/div>\n\n\n\n<div class=\"wp-block-uagb-container uagb-block-39ba27a5 alignfull uagb-is-root-container\"><div class=\"uagb-container-inner-blocks-wrap\">\n<div class=\"wp-block-uagb-container uagb-block-771bf5a3\">\n<div class=\"wp-block-uagb-advanced-heading uagb-block-2c285c0c\"><h2 class=\"uagb-heading-text\">Avis de nos clients<\/h2><\/div>\n\n\n\n<div class=\"wp-block-uagb-advanced-heading uagb-block-957ed039\"><p class=\"uagb-heading-text\">Explorez ce que nos clients disent de leurs exp\u00e9riences chez L&rsquo;Atelier Du G\u00e9nie. Leur satisfaction est notre plus grande r\u00e9compense.<\/p><\/div>\n<\/div>\n\n\n\n<div class=\"wp-block-uagb-separator uagb-block-142c6ead\"><div class=\"wp-block-uagb-separator__inner\" style=\"--my-background-image:\"><\/div><\/div>\n\n\n\n<div class=\"wp-block-uagb-container uagb-block-5c3f72d1\">\n<div class=\"wp-block-uagb-container uagb-block-1bc827fa\">      \n\t\t\t<div class=\"uagb-icon-wrapper uagb-block-65d06456  wp-block-uagb-icon--has-margin    \"\n\t\t\tstyle=\"\" >\n\t\t\t\t\t\t\t\t<div class='uagb-icon-margin-wrapper'>\n\t\t\t\t\t\t\t\t\t<span class=\"uagb-svg-wrapper\" \n\t\t\t\t\t aria-label=\"quote-left\"\t\t\t\t\ttabindex=\"0\">\t\t\n\t\t\t\t\t\t\t\t\t\t<svg xmlns=\"https:\/\/www.w3.org\/2000\/svg\" viewBox= \"0 0 448 512\" role=\"graphics-symbol\" aria-hidden=\"false\" aria-label=\"\"><path d=\"M96 224C84.72 224 74.05 226.3 64 229.9V224c0-35.3 28.7-64 64-64c17.67 0 32-14.33 32-32S145.7 96 128 96C57.42 96 0 153.4 0 224v96c0 53.02 42.98 96 96 96s96-42.98 96-96S149 224 96 224zM352 224c-11.28 0-21.95 2.305-32 5.879V224c0-35.3 28.7-64 64-64c17.67 0 32-14.33 32-32s-14.33-32-32-32c-70.58 0-128 57.42-128 128v96c0 53.02 42.98 96 96 96s96-42.98 96-96S405 224 352 224z\"><\/path><\/svg>\n\t\t\t\t\t\t\t\t\t<\/span>\n\t\t\t\t\t\t\t\t<\/div>\n\t\t\t\t\t\t\t<\/div>\n\t\t\t\n\n\n<div class=\"wp-block-uagb-testimonial uagb-slick-carousel uagb-tm__arrow-outside uagb-block-f39fda18 uagb-post__carousel_notset uagb-post__carousel_notset-tablet uagb-post__carousel_notset-mobile\"><div class=\"is-carousel uagb-tm__columns-1 uagb-tm__items\"><div class=\"uagb-testimonial__wrap  uagb-tm__imgicon-style-circle uagb-tm__image-position-bottom uagb-tm__bg-type-none \"><div class=\"uagb-tm__content\"><div class=\"uagb-tm__overlay\"><\/div><div class=\"uagb-tm__text-wrap\"><div class=\"uagb-tm__desc\">L&rsquo;exp\u00e9rience d&rsquo;achat chez L&rsquo;Atelier Du G\u00e9nie a \u00e9t\u00e9 incroyable, leurs produits ont transform\u00e9 ma maison en un v\u00e9ritable chef-d&rsquo;\u0153uvre de design.<\/div><div class=\"uagb-tm__meta-inner\"><div class=\"uagb-tm__image-content\"><div class=\"uagb-tm__image\"><img decoding=\"async\" class=\"uagb-tm-img-src\" src=\"https:\/\/multipurpose7.ziptemplates.top\/wp-content\/uploads\/2023\/08\/testimonial-skip-10-150x150-1.jpg\" alt=\"\" width=\"50\" height=\"50\" loading=\"lazy\"\/><\/div><\/div><div class=\"uagb-testimonial-details\"><span class=\"uagb-tm__author-name\">Julien Martin<\/span><span class=\"uagb-tm__company\">Your Client<\/span><\/div><\/div><\/div><\/div><\/div><\/div><\/div>\n<\/div>\n\n\n\n<div class=\"wp-block-uagb-container uagb-block-ffbcaab1\">      \n\t\t\t<div class=\"uagb-icon-wrapper uagb-block-065255b5  wp-block-uagb-icon--has-margin    \"\n\t\t\tstyle=\"\" >\n\t\t\t\t\t\t\t\t<div class='uagb-icon-margin-wrapper'>\n\t\t\t\t\t\t\t\t\t<span class=\"uagb-svg-wrapper\" \n\t\t\t\t\t aria-label=\"quote-left\"\t\t\t\t\ttabindex=\"0\">\t\t\n\t\t\t\t\t\t\t\t\t\t<svg xmlns=\"https:\/\/www.w3.org\/2000\/svg\" viewBox= \"0 0 448 512\" role=\"graphics-symbol\" aria-hidden=\"false\" aria-label=\"\"><path d=\"M96 224C84.72 224 74.05 226.3 64 229.9V224c0-35.3 28.7-64 64-64c17.67 0 32-14.33 32-32S145.7 96 128 96C57.42 96 0 153.4 0 224v96c0 53.02 42.98 96 96 96s96-42.98 96-96S149 224 96 224zM352 224c-11.28 0-21.95 2.305-32 5.879V224c0-35.3 28.7-64 64-64c17.67 0 32-14.33 32-32s-14.33-32-32-32c-70.58 0-128 57.42-128 128v96c0 53.02 42.98 96 96 96s96-42.98 96-96S405 224 352 224z\"><\/path><\/svg>\n\t\t\t\t\t\t\t\t\t<\/span>\n\t\t\t\t\t\t\t\t<\/div>\n\t\t\t\t\t\t\t<\/div>\n\t\t\t\n\n\n<div class=\"wp-block-uagb-testimonial uagb-slick-carousel uagb-tm__arrow-outside uagb-block-5e332845 uagb-post__carousel_notset uagb-post__carousel_notset-tablet uagb-post__carousel_notset-mobile\"><div class=\"is-carousel uagb-tm__columns-1 uagb-tm__items\"><div class=\"uagb-testimonial__wrap  uagb-tm__imgicon-style-circle uagb-tm__image-position-bottom uagb-tm__bg-type-none \"><div class=\"uagb-tm__content\"><div class=\"uagb-tm__overlay\"><\/div><div class=\"uagb-tm__text-wrap\"><div class=\"uagb-tm__desc\">Les meubles sont d&rsquo;une qualit\u00e9 exceptionnelle. J&rsquo;adore chaque pi\u00e8ce que j&rsquo;ai achet\u00e9e. Un service client irr\u00e9prochable \u00e9galement !<\/div><div class=\"uagb-tm__meta-inner\"><div class=\"uagb-tm__image-content\"><div class=\"uagb-tm__image\"><img decoding=\"async\" class=\"uagb-tm-img-src\" src=\"https:\/\/latelierdugenie.com\/wordpress\/wp-content\/uploads\/2023\/08\/testimonial-skip-06.jpg\" alt=\"\" width=\"50\" height=\"50\" loading=\"lazy\"\/><\/div><\/div><div class=\"uagb-testimonial-details\"><span class=\"uagb-tm__author-name\">Philippe Lefevre<\/span><span class=\"uagb-tm__company\">Your Client<\/span><\/div><\/div><\/div><\/div><\/div><\/div><\/div>\n<\/div>\n<\/div>\n<\/div><\/div>\n\n\n\n<div class=\"wp-block-uagb-container uagb-block-b5f2dd4a alignfull uagb-is-root-container\"><div class=\"uagb-container-inner-blocks-wrap\">\n<div class=\"wp-block-uagb-container uagb-block-50082671\">\n<div class=\"wp-block-uagb-info-box uagb-block-8768d98f uagb-infobox__content-wrap  uagb-infobox-icon-above-title uagb-infobox-image-valign-top wp-block-uagb-info-box--has-margin\"><div class=\"uagb-infobox-margin-wrapper\"><div class=\"uagb-ifb-content\"><div class=\"uagb-ifb-title-wrap\"><h2 class=\"uagb-ifb-title\">Transformez votre espace d\u00e8s maintenant<\/h2><\/div><p class=\"uagb-ifb-desc\">Rejoignez-nous et explorez notre s\u00e9lection de meubles haut de gamme qui rehausseront l&rsquo;attrait de votre int\u00e9rieur.<\/p><div class=\"uagb-ifb-button-wrapper wp-block-button\"><a href=\"boutique\/\" class=\"uagb-infobox-cta-link wp-block-button__link\" target=\"_self\" rel=\"noopener noreferrer\" onclick=\"return true;\"><span class=\"uagb-inline-editing\">Explorez notre boutique<\/span><\/a><\/div><\/div><\/div><\/div>\n<\/div>\n<\/div><\/div>\n","protected":false},"excerpt":{"rendered":"<p>Nos offres exceptionnelles Plongez dans notre gamme de meubles sophistiqu\u00e9s. Chaque produit est minutieusement s\u00e9lectionn\u00e9 pour refl\u00e9ter le meilleur du [&hellip;]<\/p>\n","protected":false},"author":1,"featured_media":0,"parent":0,"menu_order":0,"comment_status":"closed","ping_status":"closed","template":"","meta":{"_uag_custom_page_level_css":"","site-sidebar-layout":"default","site-content-layout":"plain-container","ast-site-content-layout":"default","site-content-style":"default","site-sidebar-style":"default","ast-global-header-display":"","ast-banner-title-visibility":"","ast-main-header-display":"","ast-hfb-above-header-display":"","ast-hfb-below-header-display":"","ast-hfb-mobile-header-display":"","site-post-title":"disabled","ast-breadcrumbs-content":"","ast-featured-img":"","footer-sml-layout":"","theme-transparent-header-meta":"default","adv-header-id-meta":"","stick-header-meta":"","header-above-stick-meta":"","header-main-stick-meta":"","header-below-stick-meta":"","astra-migrate-meta-layouts":"set","ast-page-background-enabled":"default","ast-page-background-meta":{"desktop":{"background-color":"var(--ast-global-color-4)","background-image":"","background-repeat":"repeat","background-position":"center center","background-size":"auto","background-attachment":"scroll","background-type":"","background-media":"","overlay-type":"","overlay-color":"","overlay-opacity":"","overlay-gradient":""},"tablet":{"background-color":"","background-image":"","background-repeat":"repeat","background-position":"center center","background-size":"auto","background-attachment":"scroll","background-type":"","background-media":"","overlay-type":"","overlay-color":"","overlay-opacity":"","overlay-gradient":""},"mobile":{"background-color":"","background-image":"","background-repeat":"repeat","background-position":"center center","background-size":"auto","background-attachment":"scroll","background-type":"","background-media":"","overlay-type":"","overlay-color":"","overlay-opacity":"","overlay-gradient":""}},"ast-content-background-meta":{"desktop":{"background-color":"var(--ast-global-color-5)","background-image":"","background-repeat":"repeat","background-position":"center center","background-size":"auto","background-attachment":"scroll","background-type":"","background-media":"","overlay-type":"","overlay-color":"","overlay-opacity":"","overlay-gradient":""},"tablet":{"background-color":"var(--ast-global-color-5)","background-image":"","background-repeat":"repeat","background-position":"center center","background-size":"auto","background-attachment":"scroll","background-type":"","background-media":"","overlay-type":"","overlay-color":"","overlay-opacity":"","overlay-gradient":""},"mobile":{"background-color":"var(--ast-global-color-5)","background-image":"","background-repeat":"repeat","background-position":"center center","background-size":"auto","background-attachment":"scroll","background-type":"","background-media":"","overlay-type":"","overlay-color":"","overlay-opacity":"","overlay-gradient":""}},"footnotes":""},"class_list":["post-42","page","type-page","status-publish","hentry"],"uagb_featured_image_src":{"full":false,"thumbnail":false,"medium":false,"medium_large":false,"large":false,"1536x1536":false,"2048x2048":false,"woocommerce_thumbnail":false,"woocommerce_single":false,"woocommerce_gallery_thumbnail":false},"uagb_author_info":{"display_name":"admin","author_link":"https:\/\/latelierdugenie.com\/wordpress\/author\/latelierdugenie\/"},"uagb_comment_info":0,"uagb_excerpt":"Nos offres exceptionnelles Plongez dans notre gamme de meubles sophistiqu\u00e9s. Chaque produit est minutieusement s\u00e9lectionn\u00e9 pour refl\u00e9ter le meilleur du [&hellip;]","_links":{"self":[{"href":"https:\/\/latelierdugenie.com\/wordpress\/wp-json\/wp\/v2\/pages\/42","targetHints":{"allow":["GET"]}}],"collection":[{"href":"https:\/\/latelierdugenie.com\/wordpress\/wp-json\/wp\/v2\/pages"}],"about":[{"href":"https:\/\/latelierdugenie.com\/wordpress\/wp-json\/wp\/v2\/types\/page"}],"author":[{"embeddable":true,"href":"https:\/\/latelierdugenie.com\/wordpress\/wp-json\/wp\/v2\/users\/1"}],"replies":[{"embeddable":true,"href":"https:\/\/latelierdugenie.com\/wordpress\/wp-json\/wp\/v2\/comments?post=42"}],"version-history":[{"count":7,"href":"https:\/\/latelierdugenie.com\/wordpress\/wp-json\/wp\/v2\/pages\/42\/revisions"}],"predecessor-version":[{"id":1716,"href":"https:\/\/latelierdugenie.com\/wordpress\/wp-json\/wp\/v2\/pages\/42\/revisions\/1716"}],"wp:attachment":[{"href":"https:\/\/latelierdugenie.com\/wordpress\/wp-json\/wp\/v2\/media?parent=42"}],"curies":[{"name":"wp","href":"https:\/\/api.w.org\/{rel}","templated":true}]}}